 a(3).
8
Let w(r) = 7*r - 28. Let d be -3*3*26*90/(-5265). Calculate w(d).
0
Let i(f) = -2*f. Let q(s) = -104*s + 412. Let z be q(4). Determine i(z).
8
Let q = -13 - -19. Let p(u) = -8 + 12091*u**3 - 5*u**2 + 12*u**2 - 12092*u**3. What is p(q)?
28
Let w(v) be the third derivative of -v**5/30 + 5*v**4/12 - 7*v**3/6 - 3*v**2 + 268. Give w(2).
5
Let s = -4283 - -4282. Let i(r) = 58*r**3 + r**2 - 1. What is i(s)?
-58
Let o = -12773 + 12763. Let p(d) = -d**2 - 6*d + 47. What is p(o)?
7
Let j(u) be the third derivative of u**5/60 - 21*u**4/8 - 43*u**3 - 2*u**2 - 2*u + 64. Determine j(67).
10
Let s be -3*(-5 - (-12)/(6/2)). Suppose 5*h + w - 35 = 0, -s*w = -2*h - 0*w + 31. Let t(n) be the third derivative of -n**4/24 + 2*n**3 - n**2. Determine t(h).
4
Let d = 15208 + -15206. Let z(r) = r**2 - 3*r + 8. Determine z(d).
6
Let d(k) be the first derivative of k**4/24 - 11*k**3/6 - 62*k**2 + k - 7. Let s(c) be the second derivative of d(c). Calculate s(10).
-1
Let r(i) = i**2 - 2. Suppose 3*u + 11 = -a, -4*a - u + 3*u - 16 = 0. Let m be 528/(-220) - 2/a. Determine r(m).
2
Let z be 198/(-9) + (-3 - (0 + -1)). Let g be (-60)/(-25) + z/(-15) + -2. Let a be (g - (9/(-3) - -2)) + 3. Let m(l) = -l**2 + 3*l + 8. What is m(a)?
-10
Suppose 15730 = 102*l + 15934. Let s(q) = 4*q**3 + q + 2. Let r(o) = 16*o**3 - o**2 + 3*o + 8. Let g(m) = -2*r(m) + 9*s(m). Calculate g(l).
-28
Suppose 827*w - 23 = 826*w - 2*k, 3*w = 2*k + 21. Let f(m) = 10*m - 109. What is f(w)?
1
Let s be 14/77 + 128/22. Suppose -4*a + 2*g - 30 = 0, 2*g = s*g - 20. Let d(k) be the second derivative of -k**4/12 - 4*k**3/3 - 2*k**2 - 3*k. Give d(a).
11
Let z = -16 - -15. Let i(m) = 2*m**2 - 7*m - 18. Let p(y) = y + 1. Let q(u) = i(u) + 6*p(u). Let w(x) be the first derivative of q(x). Give w(z).
-5
Suppose 32*m - 121*m = 0. Let b(z) = -z**3 + 20. Determine b(m).
20
Let j be -10*(-1)/((-10)/(-4)). Let f(q) = q**3 - 2*q - 2*q**2 + 9878 - 4674 - q**2 - 5208. Determine f(j).
4
Let g(y) = -10*y + 74*y**2 + 43*y**3 - 69*y**2 - 42*y**3 - 17 + y. What is g(-4)?
35
Let h(w) = -85 - 7*w - 45 + 3*w - w + 0*w. Calculate h(-28).
10
Let p(y) be the first derivative of -y**4/4 - 7*y**3/3 - 33*y**2/2 - 160*y - 10554. What is p(-6)?
2
Let n(v) = -20*v + 19. Let t(p) = 43*p - 41. Let o(s) = -7*n(s) - 3*t(s). Determine o(10).
100
Let c(l) = -5*l**2 + 27*l - 5. Let i = -604 + 610. Calculate c(i).
-23
Let h be (-104)/(-18) - 2/(-9). Let l(y) = 139*y**3 - 13*y**2 - y + 24. Let v(x) = -116*x**3 + 12*x**2 - 20. Let o(k) = -5*l(k) - 6*v(k). Determine o(h).
-6
Let v(o) be the first derivative of -o**3/3 + 6*o**2 + 29*o + 3429. Give v(16).
-35
Let z(m) = 252*m + 28*m**2 - 137*m - 118*m. Calculate z(2).
106
Suppose 15 = 15*w - 45. Let i be (-10)/(-8)*w + -6 + 3. Let y(p) be the second derivative of 5*p**4/12 - 2*p**3/3 + p**2 + 3*p. Give y(i).
14
Let r(m) = 221*m**2 - 38*m - 4. Let j(h) = -133*h**2 + 19*h + 3. Let p(q) = 5*j(q) + 3*r(q). Give p(-9).
12
Let s(d) = 2*d - 1. Let l be 5 - (3 - (-6)/2). Let p(f) = -4*f + 10. Let t(q) = l*p(q) - 4*s(q). Give t(6).
-30
Let m(h) = h**3 - 8*h**2 + h + 6. Let x(c) = c**2 - 8*c - 30. Let g be x(11). Suppose 232 = 26*i + g*i. What is m(i)?
14
Let f = 1 + -2. Let b(z) = -1 - 78*z**2 + 77*z**2 - z**3 + 7 + 2 - 7. Let q(c) = -4*c**3 - 8*c**2 - 2*c + 4. Let p(s) = f*q(s) + 3*b(s). Give p(-4).
7
Let d = -601 - -243. Let a = -362 - d. Let r(g) = -g**3 - 4*g**2 + 2*g. Determine r(a).
-8
Let s = -8 - -11. Let o(l) be the first derivative of 2/3*l**3 - 1/4*l**4 + l**2 - 2*l + 28. Give o(s).
-5
Let m(n) be the second derivative of -57 + 2*n - n**3 + 7/12*n**4 + 0*n**2 - 1/20*n**5. Determine m(6).
0
Let d(p) = -30*p + 21. Let y(k) = 191*k - 124. Let g(x) = 13*d(x) + 2*y(x). Give g(3).
1
Let l = -97 + 99. Let q(d) = -2*d**l - 40 - d - 4*d + 42. Let r(f) = -5*f**2 - 11*f + 4. Let b(u) = -13*q(u) + 6*r(u). Calculate b(-2).
-16
Let l(b) be the third derivative of b**6/120 + b**5/20 - b**4/12 - b**3/2 - 4*b**2 - b. Let u = 491 + -494. Give l(u).
3
Let g(j) be the first derivative of -j**2/2 - j - 1. Let t = 15275 + -15283. What is g(t)?
7
Let m(x) = -2*x**3 + 27*x**2 + 27*x - 176. Let w be m(14). Let v(t) = -6*t + 3. Calculate v(w).
-33
Suppose -180 = t - 10*t. Suppose t*j = 15*j - 30. Let n(c) = 2*c + 3. Determine n(j).
-9
Let o(i) = -5*i**3 + 9*i**2 + 14*i + 16. Let m(k) = -17*k**3 + 28*k**2 + 46*k + 47. Let s(t) = 2*m(t) - 7*o(t). Determine s(8).
-2
Let j(k) = k**3 - 26*k**2 + 2*k - 40. Let u be j(26). Suppose -5*t + 4*t - y = 2, -3*t = -3*y + u. Let c(s) = s**2 + 4*s - 1. Give c(t).
-4
Let j(x) be the second derivative of 0*x**2 + 0*x**5 + 3*x - 7/6*x**4 + 1/720*x**6 + 0 + 0*x**3. Let z(d) be the third derivative of j(d). Give z(-6).
-6
Let m be 1*2 + ((-2)/8)/((-27)/(-648)). Let d(a) = 12*a + 63. What is d(m)?
15
Let o(g) = g + 2. Let f(t) = -2*t**3 + 16*t**2 - 3. Let z be f(8). Let r be ((-4)/(-12))/(z*1/(-531)). Let w = 57 - r. What is o(w)?
0
Let b(g) = -5*g - 78. Let z be b(-16). Suppose z*h + 33 = -5*w + 3*h, -5*w - 2*h = 24. Let t be w*(-3)/(-6) + -5 + 1. Let p(f) = f + 12. Give p(t).
5
Suppose 0 = w - 49 + 19. Suppose -6*m + w = -6. Let b(d) = 7*d - 14. Let k(z) = z - 1. Let h(t) = -b(t) + 6*k(t). Determine h(m).
2
Suppose 2*g - 4*s + 10 = 0, -g + 193*s - 196*s = 15. Let a(m) = m**3 + 9*m**2 - 8*m + 6. Give a(g).
78
Let o(h) = -h**2 - 2*h + 3. Suppose -4*w + 621 = -507. Let j = w - 278. Calculate o(j).
-21
Let i(x) = -x**3 + 6*x**2 + 5*x + 8. Suppose -4*w = q - 18, 2*w + 10 = q + 4*w. Suppose 2*g - 4*y - y = -38, q*g + 6 = -3*y. Let a be 21/g*(-3 - 0). Give i(a).
-6
Let q be 14*(-4)/16*2. Let k(n) be the second derivative of -n**3/3 + 3*n**2/2 + 2760*n. Give k(q).
17
Let v = -142 + 145. Let d(b) = 83*b - 84*b - 7*b**2 - 5*b**v + 4*b**3 + 3. Determine d(-7).
10
Let y(f) be the first derivative of 2*f**3/3 + 2*f - 3. Let b(w) = 3. Let t(u) = 51*u - 214. Let x(r) = -4*b(r) - t(r). Let p be x(4). Give y(p).
10
Let g(f) = 2*f**2 - 5*f + 1 + 7*f**2 - 2*f**2 - f**3. Suppose 5053*q - 983 - 16175 - 342 = 2712. Calculate g(q).
29
Let d(s) be the second derivative of s**4/4 - 2*s**3/3 - 10*s**2 - 11*s - 7. Calculate d(-4).
44
Let o(t) = t**3 + 2*t**2 - 14*t + 13 - 14*t**2 - 7 + 0. Determine o(13).
-7
Suppose -5*j - 206 = 4*f - 526, -3*j - 4*f + 200 = 0. Suppose -2*k - 110 = -4*k. Let m = j - k. Let o(w) = -w**3 + 4*w**2 + 5*w - 7. Calculate o(m).
-7
Let k(p) be the third derivative of 11/6*p**3 - 24*p**2 - 1/60*p**5 + 0 - 1/24*p**4 + 0*p. Calculate k(-5).
-9
Let x(k) = -k - 6. Let j(p) = -2*p + 25. Let r(h) = -j(h) - 5*x(h). Calculate r(-1).
-2
Let g(l) = 2*l - 8. Let j be g(6). Let u(c) = 7*c + 17 - 3*c - 3*c - j - 5*c. Calculate u(7).
-15
Let x be (-30)/24 - -1 - (-505)/4. Let v = -124 + x. Let n(u) = 2*u**2 + 3*u + 6. Let h(o) = 4*o**2 + 5*o + 11. Let f(t) = 6*h(t) - 11*n(t). What is f(v)?
2
Let k(g) = -g**2 + 24*g + 25. Let h be ((-141)/(-6) + -1 - 10)/((-2)/(-4)). What is k(h)?
0
Let n = 99506 - 99513. Let c(a) = -a + 9. Let d be c(5). Let g(z) = -2 - z**2 + 0 + d - 8*z. Calculate g(n).
9
Let u(s) = -7*s**3 + 4*s**2 - 17*s - 12. Let r(w) = 20*w**3 - 12*w**2 + 48*w + 33. Let x(z) = 6*r(z) + 17*u(z). Let n be 1/4 - (-19)/4. What is x(n)?
14
Let t(y) = 3*y**3 + 9*y**2 - 2*y + 8. Let x(a) = a**3 + a**2 - a. Let u(h) = -t(h) + 2*x(h). Let c be (5 - 16/4)/(2/(-14)). Determine u(c).
-8
Let r(g) = 102*g**3 + 15 - 180*g**3 + 0 + 79*g**3. What is r(0)?
15
Let v(i) = i**2 - 2. Let f = 309 + -314. Let z(r) = 37*r**3 + 7*r**2 - r - 10. Let m(w) = f*v(w) + z(w). Determine m(1).
38
Let x be (-8 - 114/30) + (-4)/(-5). Let y(h) = 5*h + 45. What is y(x)?
-10
Let g(c) be the first derivative of -c**3/3 - 8*c**2 - 18*c + 59. Determine g(-12).
30
Let d(l) = -2*l**2 + 5*l + 35. Let m be d(-3). Let c(a) = 30*a + 7. Give c(m).
67
Let l(b) = -b - 7. Suppose 6*i + 4*i = 30. Suppose 5*j + 3*z + 9 = 0, 0*j + i*j = 5*z - 19. Calculate l(j).
-4
Let k(b) be the third derivative of b**5/20 + b**4/6 - b**3/2 + 3*b**2 - 3. Let y = 3330 - 3328. Calculate k(y).
17
Let b = -5697 + 5686. Let r(y) = -y**3 - 10*y**2 + 9*y + 13. Give r(b).
35
Let f(n) = 233 - 53*n - 18870*n**2 - 18868*n**2 + 37740*n**2. Calculate f(21).
2
Let d(j) = 4*j**3 - 2*j**2 - 3*j + 2. Let x be (1/(-3))/(9/675). Let y be 3 - x/(-10)*-2. Suppose 4*k + 3*m - y = 0, 